reatest common factor of v and r.
3
Let s be (2 + -1 + 0)/(12/60). Suppose -2*r + 130 = 3*u, -s*r + 10*u + 367 = 7*u. Calculate the highest common divisor of r and 781.
71
Suppose 0 = 8*s - 0*s - 24. Suppose -5*q + s*m = -79, 2*q + 5*m - 38 = 6. Suppose -2*u - 30 = -q*u. Calculate the greatest common divisor of u and 6.
2
Let q = -7742 - -8137. What is the highest common divisor of q and 1343?
79
Let o = 22246 + -22231. Suppose -3*t = -4*b - 8*t + 45, -3*b - 2*t = -32. Calculate the greatest common factor of b and o.
5
Let s(c) = c**2 - 51*c + 40. Let n be s(48). Let p be (-84266)/n - 3/12. Calculate the highest common divisor of 30 and p.
30
Suppose 0 = 5*a - 29 + 154. Let b = 5 - a. Let c be 10/1*b/4. What is the greatest common factor of c and 30?
15
Let j(b) = 2*b + 1. Let c be j(7). Suppose -5*g - 854 = -q, -52 = -4*g + 5*q - 752. Let m = g - -179. Calculate the highest common divisor of c and m.
3
Let a = 2037 - 825. What is the highest common factor of a and 24?
12
Let p(l) = -192*l + 3494. Let m be p(18). What is the highest common factor of m and 38?
38
Let z be (3/(-5) - 0)*-5. Suppose z*u + 0 = -30. Let k be ((-87)/(-5))/((-2)/u). What is the greatest common divisor of k and 58?
29
Let k = 15447 - 14987. What is the highest common factor of 5865 and k?
115
Suppose 2*f + 4 = 0, -3*n - 3*f - f = -67. Suppose 27*b - n*b = 44. Calculate the highest common divisor of b and 22.
22
Let g(o) = -o**2 - 23*o + 10. Let d = -89 - -6. Let b = d + 60. Let q be g(b). What is the highest common factor of q and 5?
5
Suppose -6*m + 4*m - 350 = -2*f, -5*f - 5*m = -905. Calculate the highest common divisor of 12 and f.
2
Suppose 5*g - 2*g = -3*q + 93441, 311421 = 10*g + 3*q. Calculate the greatest common factor of g and 15.
15
Let b be 1/4*-6*(27 + -349). What is the highest common divisor of b and 276?
69
Let v be 4 - 328/(-18) - ((-35)/45 - -1). Calculate the greatest common divisor of 18117 and v.
11
Suppose -o = f + 231, 0*o + 4*o + 924 = 3*f. Let m = o - -271. Let j = 23 + -15. What is the greatest common factor of m and j?
8
Suppose 0 = -4*h - 3*n + 87, -77 = -5*h + h - n. Suppose 0 = h*i - 20*i + 12. Calculate the highest common divisor of 30 and i.
6
Let o = 2149 + -2005. Suppose 0 = 4*x + c - 129, 2*c + 1 = 3*c. What is the greatest common divisor of o and x?
16
Suppose 2*n - 10 = 0, -6*p - 2*n = -2*p - 42. Let v be 4 - p - 263*-1. Calculate the highest common factor of v and 37.
37
Suppose 5*n + 8 = -s + 3, 0 = 2*n - 5*s + 29. Let b be (-54)/n + (-1)/2*-4. Suppose -10*t + 51 + b = 0. What is the greatest common factor of 48 and t?
8
Suppose -17286 - 1125 - 17829 = -6*a. Calculate the greatest common divisor of a and 80.
40
Let w(q) = 5*q**2 - 13*q - q**3 + 5*q**2 - 2*q**2. Let z be -3 + 11 - (-15)/((-20)/4). Let i be w(z). What is the greatest common factor of i and 5?
5
Suppose -z - 209 = 3*a, 0*z = -3*a - 3*z - 201. Let d = a + 101. Let g(t) = 21*t - 6. Let n be g(6). What is the highest common factor of n and d?
30
Let p be -5 - 0 - 4*(-13)/2. Let t(k) = -k**3 - 12*k**2 - 6*k + 12. Let l be t(-12). Calculate the greatest common divisor of l and p.
21
Suppose -17*m = -45789 - 29674. What is the greatest common factor of m and 23?
23
Suppose 0 = 8*l - l - 70. Suppose -47 = -l*j + 313. Suppose 0 = -35*d + j*d - 36. Calculate the greatest common divisor of 36 and d.
36
Suppose -52 = -3*g + 104 + 60. Calculate the greatest common divisor of 1476 and g.
36
Let g = 17527 + -10264. Calculate the greatest common divisor of g and 54.
27
Let y = -169 + 187. Let h be -2*2*y/(-24). What is the highest common divisor of 93 and h?
3
Suppose 535 = 5*j - 3*b, 24 = 2*j - b - 191. Suppose 5*t - t - 43 = 5*m, 31 = -2*m - 3*t. Let a = 22 + m. What is the highest common factor of j and a?
11
Suppose 2*h + 25*h = -26*h + 954. What is the highest common divisor of h and 801?
9
Let s = 1154 - 1037. What is the greatest common factor of s and 26?
13
Let d(s) = -5*s**3 - 39*s**2 + 47*s + 415. Let n be d(-12). Calculate the greatest common divisor of 1380 and n.
115
Suppose -11*q + 150 - 40 = 0. Let d be (-275)/(-22)*32/q. Calculate the greatest common factor of 20 and d.
20
Let x(t) = -t**3 + 9*t**2 - 8*t - 3. Let p be x(8). Let a be (-464)/p + 6/(-9). Calculate the greatest common divisor of 22 and a.
22
Suppose 4*v = 2*o + 96 - 2, v - 4*o - 48 = 0. Suppose -u = 2*u - 96. What is the greatest common divisor of v and u?
4
Suppose -5*h = -3 + 13, -u + 37 = -5*h. Let o be 94 + 1 + -5 + u/3. Calculate the greatest common factor of 66 and o.
33
Suppose 6 = 2*c - 4*z, 3*z - 26 = -2*c + 2*z. Let h(v) = 4*v**2 + 0 - 2 + 4 - c*v - 7. Let f be h(9). What is the highest common factor of 88 and f?
44
Suppose -5*w - 203 + 78 = 0. Let b = w + 27. Suppose 94 = b*l + j, -l = -2*l - 3*j + 57. What is the highest common factor of l and 135?
45
Let i be (14/21*-291)/((-42)/9 + 4). Calculate the highest common divisor of 18 and i.
3
Suppose 1817 = 193*z - 189*z - 5*l, 2*l - 1334 = -3*z. What is the highest common factor of z and 175?
7
Let s(a) = 3*a**3 + 52*a**2 - 39*a + 24. Let t be s(-18). Calculate the greatest common factor of 4108 and t.
26
Let d(p) = 16 - p**3 - 73 + 126 - 40*p**2. Let t be d(-40). Calculate the highest common factor of t and 9.
3
Suppose -259 = -3*g - 4*n + 169, g + 4*n = 148. Suppose 5*s = -9*l + 8*l - 59, 0 = -5*l + 5. Let r = 44 - s. Calculate the greatest common factor of r and g.
28
Suppose -x + 0*x + 31 = 0. Suppose 41*j - 360 = x*j. What is the highest common divisor of j and 396?
36
Let n = -7819 + 9367. What is the highest common divisor of n and 324?
36
Let o(h) = -h - 6. Let l be o(-9). Let k = 459 + -461. Let r(w) = -22*w - 38. Let q be r(k). Calculate the greatest common divisor of q and l.
3
Let h(m) = 35*m - 77. Let f be h(5). Calculate the greatest common divisor of f and 3283.
49
Suppose -26316 = -115*b + 103*b. Let o be (b/172)/(3*2/104). Calculate the highest common divisor of o and 17.
17
Let u = -358695 + 358778. Let r = 318 - 152. What is the greatest common factor of r and u?
83
Let s(n) = 3*n**2 + 91*n - 479. Let x be s(-35). What is the greatest common factor of x and 1199?
11
Suppose 2880 = -5802*t + 5874*t. Calculate the highest common divisor of t and 1728.
8
Let m = 31896 - 31890. Suppose -2*g - 3 = -11. Calculate the highest common divisor of m and g.
2
Let a be (3/(-5)*14)/((24/60)/(-1)). What is the highest common factor of 11991 and a?
21
Let a be 2/((-16)/6)*((-688)/(-129) + -24). Suppose 5*u - 54 - 6 = 0. Suppose 0 = -k - 3*k + u, k = -4*w + 619. What is the highest common factor of w and a?
14
Let s(r) = -5*r**3 - r**2 + 1. Let w be s(-2). Let x = 38 - w. Let v be 2 + 1 + 1 - x. Calculate the highest common factor of 2 and v.
1
Let r = -14 + 230. Suppose -3*t + 165 = 2*z - 159, 5*t = -8*z + 540. What is the greatest common divisor of r and t?
108
Let k(q) = -q**3 + 2*q**2 + 2. Let w be k(-2). Suppose -19*n + 520 = -1703 - 513. Calculate the highest common factor of n and w.
18
Suppose 0 = -37*j + 39*j - 4. Let p be (j - 1)*1 - -9. Suppose -4*b - b + 850 = 0. What is the highest common factor of b and p?
10
Let l(a) = -a**2 + 4*a + 58. Let b(i) = i**3 - 6*i**2 - 10*i + 28. Let s be b(7). Let j be l(s). Calculate the highest common factor of 259 and j.
37
Let i be (1*2)/((-545)/68 - -8). Let g = i - -138. Suppose -g*x + 74 = -110. What is the highest common divisor of 46 and x?
46
Let q(b) = 10*b**2 - 57*b + 6. Let c be q(-5). Let f = c + -499. What is the greatest common factor of f and 63?
21
Let v = 60 + -47. Suppose 0 = 7*m - v*m + 132. Calculate the highest common divisor of 8 and m.
2
Let w(d) = -167*d - 3039. Let j be w(-100). What is the greatest common factor of j and 57?
19
Suppose -47*l + 40*l = 2471. Let a be 18/(-117) - l*(-1)/(-13). What is the highest common divisor of 54 and a?
27
Let x(f) = -f**3 - 4*f**2 + 6*f - 9. Let s be (-24)/42 - (-45)/(-7). Let k be x(s). What is the highest common divisor of k and 160?
32
Suppose -3*j - 2*i = -65 - 81, -3*i - 206 = -4*j. Let n be ((-60)/j)/(10/(-525)). What is the greatest common factor of n and 18?
9
Suppose 4*p + 4*q - 60 = -p, 0 = -4*p + 2*q + 22. Calculate the greatest common factor of p and 320.
8
Suppose 280*y = 2577431 + 1324649. What is the highest common 